j + 19. Give u(4).
7
Let p(t) = -18*t - 37. Calculate p(-3).
17
Let w(k) = 73*k**3 - 5*k**2 - 7*k - 4. Determine w(-2).
-594
Let k(c) = 2757*c + 38609. Determine k(-14).
11
Let w(f) = -714*f + 3549. Calculate w(5).
-21
Let v(z) = -z**3 + 36*z**2 + 219*z - 572. What is v(41)?
2
Let h(o) = -2*o**2 - 2169*o + 10852. Give h(5).
-43
Let x(k) = -11*k + 45. Determine x(-12).
177
Let o(x) = -x**2 + 57*x - 616. What is o(15)?
14
Let o(h) = h**3 - 13*h**2 + 4*h - 117. Calculate o(13).
-65
Let y(h) = 5*h**2 + 50*h - 214. Give y(-13).
-19
Let x(k) = -59*k + 10633. Determine x(180).
13
Let z(i) = 2*i**3 + 137*i**2 - 64*i + 342. Give z(-69).
-3
Let w(c) = -2*c**3 - c**2 + 27*c + 88. What is w(-3)?
52
Let s(a) = -a**3 + 5*a**2 - 27*a + 67. What is s(3)?
4
Let r(x) = 14*x - 436. Determine r(31).
-2
Let x(v) = 132*v + 221. Give x(-3).
-175
Let g(s) = -s**3 - 37*s**2 + 45*s + 238. Give g(-38).
-28
Let v(x) = -13*x**2 + 8*x + 7. Give v(-1).
-14
Let h(v) = 12*v**2 + 3*v - 5. Determine h(-2).
37
Let m(v) = -57*v**2 + v + 17. What is m(0)?
17
Let r(u) = -9*u + 1321. Calculate r(147).
-2
Let a(v) = -v**2 + 494*v + 3003. Determine a(-6).
3
Let x(h) = -h**3 - 30*h**2 - 11*h - 189. What is x(-30)?
141
Let n(q) = -q**2 + 160*q + 1562. Give n(-10).
-138
Let k(l) = l**2 - 12*l - 51. Determine k(-4).
13
Let s(y) = -45*y**2 - 239*y. Determine s(-5).
70
Let i(u) = -u**3 - 14*u**2 + 239*u + 3288. What is i(-13)?
12
Let a(x) = 56*x**2 + 76*x + 40. Determine a(-3).
316
Let q(w) = -3*w**2 + 65*w + 558. Calculate q(-7).
-44
Let l(t) = 2*t**3 - 108*t**2 + 1115*t + 188. Determine l(40).
-12
Let w(l) = -1177*l - 13047. What is w(-11)?
-100
Let z(j) = -4*j**2 + 5*j + 6. Calculate z(5).
-69
Let w(u) = -2*u**3 - 2*u**2 + 10*u - 14. Give w(-4).
42
Let w(r) = -12*r**2 + 75*r - 20. Give w(6).
-2
Let m(t) = t**3 - 29*t**2 - 137*t + 171. What is m(33)?
6
Let m(f) = -131*f + 3669. Calculate m(28).
1
Let r(j) = 3*j**2 + 59*j + 169. Give r(-3).
19
Let t(j) = -32*j**2 + 908*j + 568. Give t(29).
-12
Let a(r) = -103*r + 5295. Give a(49).
248
Let x(r) = 3*r**2 + 269*r - 972. Determine x(-93).
-42
Let m(i) = -i**3 + i**2 + 20*i + 9. Determine m(-4).
9
Let p(x) = -3*x**3 + 30*x**2 - 42*x + 16. Calculate p(8).
64
Let s(j) = -6*j**2 - 28*j + 119. Determine s(4).
-89
Let i(a) = 9*a**2 + 37. Calculate i(-4).
181
Let b(v) = -5*v**2 + 38*v + 21. Calculate b(7).
42
Let n(t) = 3*t + 148. What is n(-29)?
61
Let h(i) = i**2 - 55*i + 509. Calculate h(48).
173
Let i(d) = -d**2 - 17*d - 100. Calculate i(-18).
-118
Let y(t) = -2*t**2 + 1153*t - 10224. Calculate y(9).
-9
Let f(q) = -2*q**3 - 5*q**2 + q + 3. What is f(1)?
-3
Let c(y) = 176*y**2 - 41*y + 33. Calculate c(1).
168
Let h(o) = -o**3 + 7*o**2 + 21*o - 103. What is h(3)?
-4
Let z(u) = -u**2 - 53*u + 1426. What is z(-73)?
-34
Let a(f) = f**3 - 121*f**2 - 120*f - 255. Give a(122).
-11
Let d(t) = -2*t**3 - 7*t**2 + 20*t - 56. Give d(5).
-381
Let w(i) = -1694*i**2 + 13550*i. Give w(8).
-16
Let l(u) = 6*u**3 - 150*u**2 - 7*u + 178. Determine l(25).
3
Let b(k) = -36*k - 238. Determine b(-17).
374
Let m(g) = -3*g**3 + 8*g**2 - g - 58. Give m(-4).
266
Let s(o) = -6*o**3 + 61*o**2 - 54*o + 437. Calculate s(10).
-3
Let t(i) = i**3 + 6*i**2 - 100*i - 30. Give t(-14).
-198
Let j(c) = -186*c - 9886. Give j(-53).
-28
Let m(v) = v**3 - 25*v**2 + 113*v + 452. Give m(16).
-44
Let u(t) = -t**3 + 77*t**2 + 65*t + 1077. Give u(78).
63
Let v(j) = -2*j**3 + 25*j**2 - 77*j - 16. Determine v(3).
-76
Let k(n) = 2*n**3 - 75*n**2 + 37*n + 90. What is k(37)?
90
Let c(v) = v**2 + 65*v - 688. Determine c(10).
62
Let o(n) = -n**2 + 2*n + 24. What is o(10)?
-56
Let v(w) = -w**2 - 36*w - 111. What is v(-4)?
17
Let v(r) = 684*r - 10938. Calculate v(16).
6
Let d(x) = 6*x**2 + 136*x - 269. What is d(-25)?
81
Let d(l) = -l**2 + 27*l + 1612. What is d(56)?
-12
Let a(c) = -c**2 + 2*c + 12. Give a(4).
4
Let o(i) = 38*i**2 + 222*i - 38. What is o(-6)?
-2
Let m(h) = -h**2 + 65*h - 197. What is m(57)?
259
Let o(k) = 223*k - 230. What is o(1)?
-7
Let m(a) = -a**3 - 6*a**2 + 16*a - 27. Calculate m(-8).
-27
Let r(p) = -p**2 - 1747*p - 4. Determine r(0).
-4
Let f(v) = 21*v - 61. Calculate f(-5).
-166
Let i(g) = -1165*g + 1174. Calculate i(1).
9
Let j(k) = -k**3 - 21*k**2 + 61*k - 239. Calculate j(-24).
25
Let d(k) = -47*k - 518. What is d(-19)?
375
Let j(u) = 106*u**3 + 1483*u**2 - 14*u - 4. Calculate j(-14).
-4
Let q(v) = 75*v + 2450. Give q(-36).
-250
Let w(a) = a**3 + 12*a**2 - 12*a - 18. Calculate w(-13).
-31
Let h(a) = -a**2 + 5*a + 254. Give h(20).
-46
Let p(g) = -g**3 - 34*g**2 - 96*g - 58. What is p(-31)?
35
Let f(y) = 112*y**3 - y**2 - 7*y + 7. Calculate f(1).
111
Let m(l) = -2*l**3 - 5*l**2 + 64*l - 205. What is m(-8)?
-13
Let m(r) = -r**3 - 99*r**2 + 174*r - 2751. Determine m(-101).
77
Let y(t) = -t**3 - 4*t**2 - 7*t - 70. Calculate y(-5).
-10
Let j(x) = 8*x**2 - 36*x + 13. Calculate j(4).
-3
Let n(a) = a**3 - 5*a**2 - 3*a + 51. Give n(6).
69
Let y(x) = 4*x**2 - 62*x + 178. Determine y(12).
10
Let y(s) = s**3 + 157*s**2 - 1324*s - 659. Determine y(-165).
1
Let c(j) = j**3 + 61*j**2 + 277*j - 167. What is c(-56)?
1
Let f(s) = -s**3 + 2*s**2 + 6*s + 10. Determine f(4).
2
Let n(z) = -31*z - 1222. Determine n(-41).
49
Let j(z) = -6*z**2 - 17*z - 31. What is j(-2)?
-21
Let a(h) = -9*h**2 + 78*h + 37. Give a(9).
10
Let m(s) = -s - 60. Determine m(9).
-69
Let k(o) = -2*o**3 - 72*o**2 + 65*o - 195. Determine k(-37).
138
Let j(t) = -40*t + 365. Determine j(17).
-315
Let j(r) = r**2 + 6*r + 129. Give j(0).
129
Let m(s) = -38*s + 2260. Calculate m(59).
18
Let r(a) = 2*a**2 + 104*a - 1059. What is r(-62)?
181
Let o(n) = n**3 - n**2 + 18*n - 115. What is o(0)?
-115
Let j(z) = -327*z + 207. What is j(1)?
-120
Let l(i) = i**3 + 27*i**2 + 148*i - 66. Calculate l(-19).
10
Let c(j) = j**3 - j**2 + 8*j - 2. Give c(5).
138
Let n(d) = -5*d**2 + d + 18. Give n(3).
-24
Let f(l) = -8*l**3 + 106*l**2 - 209*l - 5. Determine f(2).
-63
Let t(b) = b**3 + 15*b**2 + 202*b + 2660. What is t(-14)?
28
Let f(g) = -23*g**2 + 769*g - 326. Give f(33).
4
Let p(x) = -11*x - 107. Determine p(-7).
-30
Let f(j) = 54*j - 904. Give f(13).
-202
Let o(n) = 4*n**2 - 349*n - 275. Calculate o(88).
-11
Let i(j) = -26*j**3 + 23*j**2 - 23*j + 1. Give i(1).
-25
Let u(c) = -c**3 + 67*c**2 - 143*c - 3142. Give u(64).
-6
Let j(g) = 116*g**2 + 4*g + 8. Give j(-1).
120
Let c(r) = -443*r - 803. What is c(-2)?
83
Let j(t) = -t**3 - 21*t**2 - 105*t - 21. Calculate j(-13).
-8
Let t(i) = i**3 + 11*i**2 - 7*i - 59. Determine t(-11).
18
Let v(s) = -27*s**2 + 1071*s + 378. Give v(40).
18
Let y(n) = n**2 - 113*n + 1124. Determine y(10).
94
Let q(a) = a**2 + 483*a + 12732. What is q(-28)?
-8
Let p(z) = 5*z**3 - 2*z**2 - 5*z - 2. Give p(-3).
-140
Let j(a) = -a**3 + 26*a**2 - 40*a + 53. What is j(25)?
-322
Let h(b) = b**3 - 9*b**2 + 8*b + 8. Determine h(6).
-52
Let i(o) = o**2 + 14*o + 26. Give i(-4).
-14
Let f(y) = 357*y - 46413. Calculate f(130).
-3
Let k(s) = 134*s + 3491. Give k(-26).
7
Let u(h) = -h**3 - 59*h**2 - 396*h + 612. What is u(-51)?
0
Let i(v) = 20*v + 312. Determine i(-4).
232
Let d(y) = 50*y**2 + 99*y + 8. Determine d(-2).
10
Let k(z) = -2*z**2 + 35*z + 4. Calculate k(21).
-143
Let t(i) = i**3 + 93*i**2 + 2*i + 188. Give t(-93).
2
Let i(p) = 2*p**2 + 37*p - 81. Calculate i(-22).
73
Let a(m) = 9*m**2 + 58*m + 10. Determine a(-8).
122
Let o(h) = 5*h**2 - 194*h + 1108. Calculate o(7).
-5
Let x(m) = 2*m**3 + 14*m**2 - 15*m - 9. Calculate x(-5).
166
Let p(t) = -9*t**2 + 126*t - 8. What is p(14)?
-8
Let z(b) = -41*b - 1753. What is z(-42)?
-31
Let t(g) = 65*g**2 + 33*g + 32. Give t(-1).
64
Let n(v) = 117*v - 102. Determine n(1).
15
Let h(m) = -m**3 - 9*m**2 - 38*m - 121. Calculate h(-6).
-1
Let g(h) = 11*h + 245. What is g(-28)?
-63
Let t(s) = 2*s**3 + 12*s**2 - 2. Calculate t(-5).
48
Let x(s) = -73*s**2 + 3*s + 6. Give x(-1).
-70
Let n(k) = k**3 - 3*k**2 - 23*k + 26. Give n(-8).
-494
Let j(p) = p**2 + 35*p + 204. What is j(-26)?
-30
Let c(v) = -2*v**3 - 10*v**2 + 7*v + 88. Give c(-7).
235
Let n(a) = -1960*a - 17748. Give n(-9).
-108
Let a(y) = -43*y**3 + 2*y**2 + 3*y - 4. What is a(1)?
-42
Let v(f) = f**2 - 5*f - 5. What is v(17)?
199
Let l(n) = -n**2 + 6*n - 10. What is l(13)?
-101
Let q(w) = 8*w**3 - 117*w**2 - 32*w - 196. What is q(15)?
-1
L